 of 886673?
8
What is the hundreds digit of 9678915?
9
What is the hundred thousands digit of 270658?
2
What is the units digit of 707778?
8
What is the millions digit of 2207437?
2
What is the tens digit of 1862126?
2
What is the hundred thousands digit of 139236?
1
What is the hundreds digit of 554525?
5
What is the hundreds digit of 95876?
8
What is the thousands digit of 5325076?
5
What is the units digit of 685764?
4
What is the millions digit of 1011192?
1
What is the ten thousands digit of 2475447?
7
What is the hundreds digit of 958793?
7
What is the tens digit of 1677896?
9
What is the hundreds digit of 1391380?
3
What is the thousands digit of 415907?
5
What is the hundreds digit of 1546241?
2
What is the hundred thousands digit of 1506392?
5
What is the hundreds digit of 285803?
8
What is the millions digit of 3708956?
3
What is the thousands digit of 1058175?
8
What is the hundreds digit of 10503530?
5
What is the units digit of 15637230?
0
What is the hundred thousands digit of 332694?
3
What is the thousands digit of 102725?
2
What is the thousands digit of 6238704?
8
What is the ten thousands digit of 250231?
5
What is the units digit of 215630?
0
What is the ten thousands digit of 170898?
7
What is the thousands digit of 12905846?
5
What is the thousands digit of 5621952?
1
What is the ten thousands digit of 272877?
7
What is the units digit of 4157062?
2
What is the ten thousands digit of 156183?
5
What is the thousands digit of 5078577?
8
What is the thousands digit of 1388982?
8
What is the hundreds digit of 1913010?
0
What is the thousands digit of 731564?
1
What is the tens digit of 903434?
3
What is the hundreds digit of 1755313?
3
What is the tens digit of 885311?
1
What is the ten thousands digit of 1566354?
6
What is the ten millions digit of 24835172?
2
What is the hundred thousands digit of 1865168?
8
What is the units digit of 773431?
1
What is the thousands digit of 1194406?
4
What is the units digit of 13242903?
3
What is the hundreds digit of 1541461?
4
What is the hundred thousands digit of 8565105?
5
What is the hundreds digit of 594398?
3
What is the hundred thousands digit of 753978?
7
What is the units digit of 592381?
1
What is the ten thousands digit of 35029?
3
What is the ten thousands digit of 977488?
7
What is the units digit of 1694878?
8
What is the units digit of 572303?
3
What is the hundreds digit of 711816?
8
What is the tens digit of 23099848?
4
What is the ten millions digit of 16679825?
1
What is the thousands digit of 812821?
2
What is the tens digit of 1275782?
8
What is the units digit of 190217?
7
What is the hundreds digit of 416659?
6
What is the hundreds digit of 2391813?
8
What is the units digit of 58869?
9
What is the ten thousands digit of 4766501?
6
What is the ten thousands digit of 157757?
5
What is the thousands digit of 111252?
1
What is the hundreds digit of 911154?
1
What is the thousands digit of 570016?
0
What is the ten thousands digit of 66941?
6
What is the hundreds digit of 2944793?
7
What is the hundreds digit of 180461?
4
What is the tens digit of 371565?
6
What is the millions digit of 4742498?
4
What is the ten thousands digit of 7138487?
3
What is the ten thousands digit of 2579250?
7
What is the hundred thousands digit of 29170642?
1
What is the hundred thousands digit of 201827?
2
What is the thousands digit of 5230?
5
What is the ten thousands digit of 301600?
0
What is the units digit of 17671627?
7
What is the hundred thousands digit of 616985?
6
What is the hundred thousands digit of 17771118?
7
What is the thousands digit of 89821?
9
What is the hundreds digit of 11665514?
5
What is the tens digit of 60265?
6
What is the tens digit of 384409?
0
What is the thousands digit of 1037574?
7
What is the ten thousands digit of 891449?
9
What is the hundred thousands digit of 20123042?
1
What is the hundreds digit of 1506528?
5
What is the hundreds digit of 116577?
5
What is the units digit of 21325450?
0
What is the units digit of 60447?
7
What is the hundreds digit of 408312?
3
What is the ten thousands digit of 52096?
5
What is the units digit of 4592103?
3
What is the hundreds digit of 331958?
9
What is the units digit of 96042?
2
What is the thousands digit of 56213?
6
What is the units digit of 64832?
2
What is the tens digit of 9727045?
4
What is the ten thousands digit of 948564?
4
What is the ten thousands digit of 990426?
9
What is the tens digit of 1069941?
4
What is the hundred thousands digit of 256735?
2
What is the tens digit of 4105579?
7
What is the hundreds digit of 1279422?
4
What is the tens digit of 632595?
9
What is the ten thousands digit of 1542891?
4
What is the ten thousands digit of 178336?
7
What is the hundreds digit of 8840606?
6
What is the hundreds digit of 513541?
5
What is the tens digit of 3932099?
9
What is the hundred thousands digit of 569396?
5
What is the ten thousands digit of 487853?
8
What is the ten millions digit of 28687963?
2
What is the ten thousands digit of 345482?
4
What is the units digit of 121092?
2
What is the hundreds digit of 246490?
4
What is the tens digit of 136714?
1
What is the units digit of 36116?
6
What is the hundred thousands digit of 4371473?
3
What is the units digit of 1895859?
9
What is the units digit of 332156?
6
What is the hundreds digit of 347683?
6
What is the tens digit of 223839?
3
What is the hundred thousands digit of 3269963?
2
What is the thousands digit of 154085?
4
What is the hundred thousands digit of 8332021?
3
What is the hundred thousands digit of 8546852?
5
What is the thousands digit of 6279042?
9
What is the ten millions digit of 13605053?
1
What is the thousands digit of 297119?
7
What is the hundred thousands digit of 781315?
7
What is the millions digit of 28886533?
8
What is the thousands digit of 337473?
7
What is the units digit of 3853479?
9
What is the ten millions digit of 11058501?
1
What is the units digit of 326851?
1
What is the ten thousands digit of 716202?
1
What is the ten thousands digit of 1318537?
1
What is the hundreds digit of 1948559?
5
What is the thousands digit of 186183?
6
What is the millions digit of 10433730?
0
What is the thousands digit of 24489751?
9
What is the units digit of 645763?
3
What is the units digit of 4449511?
1
What is the units digit of 2151984?
4
What is the hundred thousands digit of 7860873?
8
What is the hundreds digit of 1586884?
8
What is the millions digit of 2916155?
2
What is the thousands digit of 337127?
7
What is the hundred thousands digit of 616434?
6
What is the hundreds digit of 9256770?
7
What is the hundreds digit of 308080?
0
What is the tens digit of 30741?
4
What is the hundred thousands digit of 3875086?
8
What is the thousands digit of 403083?
3
What is the ten thousands digit of 9316650?
1
What is the tens digit of 569151?
5
What is the hundred thousands digit of 9934779?
9
What is the hundred thousands digit of 3056428?
0
What is the units digit of 73958?
8
What is the hundreds digit of 62925?
9
What is the units digit of 441454?
4
What is the hundred thousands digit of 522506?
5
What is the hundred thousands digit of 8815787?
8
What is the units digit of 1897029?
9
What is the units digit of 9206306?
6
What is the hundred thousands digit of 101826?
1
What is the units digit of 213897?
7
What is the units digit of 2653169?
9
What is the tens digit of 556925?
2
What is the hundreds digit of 724050?
0
What is the hundred thousands digit of 234637?
2
What is the ten thousands digit of 1170827?
7
What is the hundred thousands digit of 32862290?
8
What is the hundreds digit of 2836918?
9
What is the units digit of 290963?
3
What is the ten thousands digit of 1185774?
8
What is the ten thousands digit of 2920413?
2
What is the hundreds digit of 2142042?
0
What is the hundred thousands digit of 145933?
1
What is the tens digit of 1864985?
8
What is the ten thousands digit of 273954?
7
What is the hundred thousands digit of 8841320?
8
What is the ten thousands digit of 4236007?
3
What is the hundreds digit of 2621271?
2
What is the hundreds digit of 5209145?
1
What is the hundred thousands digit of 3621885?
6
What is the hundreds digit of 2711660?
6
What is the millions digit of 2231797?
2
What is the thous